{"id":19861,"date":"2024-07-03T17:00:59","date_gmt":"2024-07-03T16:00:59","guid":{"rendered":"https:\/\/cecotec.es\/cecorent\/?post_type=product&#038;p=19861"},"modified":"2025-05-27T18:05:55","modified_gmt":"2025-05-27T16:05:55","slug":"conga-rockstar-7500-astral-ergowet","status":"publish","type":"product","link":"https:\/\/cecotec.es\/cecorent\/conga-rockstar-7500-astral-ergowet\/","title":{"rendered":"Conga Rockstar 7500 Astral ErgoWet"},"content":{"rendered":"<ul>\n<li>Potencia m\u00e1xima: los 250 aW de potencia arrasan con toda la suciedad.<\/li>\n<li>Potencia de motor: tecnolog\u00eda ForceSonic con motor de 680 W que aspira en profundidad consiguiendo un acabado \u00f3ptimo.<\/li>\n<li>Potente succi\u00f3n: succiona hasta la suciedad m\u00e1s invisible gracias a sus 30 kPa.<\/li>\n<li>Gran autonom\u00eda: aprovecha sus hasta 90 minutos de autonom\u00eda para limpiar tu casa tranquilamente gracias a su bater\u00eda de 33,6 V.<\/li>\n<li>Aspiraci\u00f3n total: el cepillo Jaliscazo que combina dos tiras de cerdas distintas, es perfecto para atrapar y desincrustar la suciedad.<\/li>\n<li>Pantalla LED: visualiza el nivel de bater\u00eda y el modo de limpieza en todo momento.<\/li>\n<li>Vida m\u00e1s eficiente: la tecnolog\u00eda Direct Cyclonic System incorpora los \u00faltimos avances en aspiraci\u00f3n para separar las part\u00edculas por fuerza centr\u00edfuga y conseguir una limpieza total.<\/li>\n<li>5 modos de funcionamiento: elige entre Low, Medio, High, Auto y modo fregado para adaptar tu limpieza a cada circunstancia.<\/li>\n<li>Accesorio para animales y WaterTank: deshazte de los pelos de tu mascota gracias a los accesorios espec\u00edficos para animales y adem\u00e1s de aspirar, friega tambi\u00e9n el suelo gracias al WaterTank.<\/li>\n<\/ul>\n","protected":false},"excerpt":{"rendered":"<ul>\n<li>Accesorio para esquinas.<\/li>\n<li>Aspirador vertical.<\/li>\n<li>Cepillo Jaliscazo.<\/li>\n<li>Soporte de pared.<\/li>\n<li>Water tank.<\/li>\n<li>Accesorio para animales.<\/li>\n<li>Tubo extensible.<\/li>\n<li>Manual de instrucciones.<\/li>\n<\/ul>\n","protected":false},"featured_media":19862,"template":"","meta":{"content-type":""},"product_brand":[],"product_cat":[229],"product_tag":[],"class_list":{"0":"post-19861","1":"product","2":"type-product","3":"status-publish","4":"has-post-thumbnail","6":"product_cat-aspiradores-verticales","8":"first","9":"outofstock","10":"shipping-taxable","11":"purchasable","12":"product-type-simple"},"acf":[],"yoast_head":"<!-- This site is optimized with the Yoast SEO plugin v23.4 - https:\/\/yoast.com\/wordpress\/plugins\/seo\/ -->\n<title>Alquiler de Conga Rockstar 7500 Astral ErgoWet | CecoRent by Cecotec<\/title>\n<meta name=\"description\" content=\"Disponible el alquiler de Conga Rockstar 7500 Astral ErgoWet de Cecotec. Alquiler y suscripci\u00f3n con env\u00edo gratuito para toda la Pen\u00ednsula. \u00a1Mejora tu vida con Cecorent hoy!\" \/>\n<meta name=\"robots\" content=\"index, follow, max-snippet:-1, max-image-preview:large, max-video-preview:-1\" \/>\n<link rel=\"canonical\" href=\"https:\/\/cecotec.es\/cecorent\/conga-rockstar-7500-astral-ergowet\/\" \/>\n<meta property=\"og:locale\" content=\"es_ES\" \/>\n<meta property=\"og:type\" content=\"article\" \/>\n<meta property=\"og:title\" content=\"Alquiler de Conga Rockstar 7500 Astral ErgoWet | CecoRent by Cecotec\" \/>\n<meta property=\"og:description\" content=\"Disponible el alquiler de Conga Rockstar 7500 Astral ErgoWet de Cecotec. Alquiler y suscripci\u00f3n con env\u00edo gratuito para toda la Pen\u00ednsula. \u00a1Mejora tu vida con Cecorent hoy!\" \/>\n<meta property=\"og:url\" content=\"https:\/\/cecotec.es\/cecorent\/conga-rockstar-7500-astral-ergowet\/\" \/>\n<meta property=\"og:site_name\" content=\"CecoRent\" \/>\n<meta property=\"article:modified_time\" content=\"2025-05-27T16:05:55+00:00\" \/>\n<meta property=\"og:image\" content=\"https:\/\/cecotec.es\/cecorent\/wp-content\/uploads\/2024\/07\/image-1.png\" \/>\n\t<meta property=\"og:image:width\" content=\"1\" \/>\n\t<meta property=\"og:image:height\" content=\"1\" \/>\n\t<meta property=\"og:image:type\" content=\"image\/png\" \/>\n<meta name=\"twitter:card\" content=\"summary_large_image\" \/>\n<meta name=\"twitter:label1\" content=\"Tiempo de lectura\" \/>\n\t<meta name=\"twitter:data1\" content=\"2 minutos\" \/>\n<script type=\"application\/ld+json\" class=\"yoast-schema-graph\">{\"@context\":\"https:\/\/schema.org\",\"@graph\":[{\"@type\":\"WebPage\",\"@id\":\"https:\/\/cecotec.es\/cecorent\/conga-rockstar-7500-astral-ergowet\/\",\"url\":\"https:\/\/cecotec.es\/cecorent\/conga-rockstar-7500-astral-ergowet\/\",\"name\":\"Alquiler de Conga Rockstar 7500 Astral ErgoWet | CecoRent by Cecotec\",\"isPartOf\":{\"@id\":\"https:\/\/cecotec.es\/cecorent\/#website\"},\"primaryImageOfPage\":{\"@id\":\"https:\/\/cecotec.es\/cecorent\/conga-rockstar-7500-astral-ergowet\/#primaryimage\"},\"image\":{\"@id\":\"https:\/\/cecotec.es\/cecorent\/conga-rockstar-7500-astral-ergowet\/#primaryimage\"},\"thumbnailUrl\":\"https:\/\/cecotec.es\/cecorent\/wp-content\/uploads\/2024\/07\/image-1.png\",\"datePublished\":\"2024-07-03T16:00:59+00:00\",\"dateModified\":\"2025-05-27T16:05:55+00:00\",\"description\":\"Disponible el alquiler de Conga Rockstar 7500 Astral ErgoWet de Cecotec. Alquiler y suscripci\u00f3n con env\u00edo gratuito para toda la Pen\u00ednsula. \u00a1Mejora tu vida con Cecorent hoy!\",\"breadcrumb\":{\"@id\":\"https:\/\/cecotec.es\/cecorent\/conga-rockstar-7500-astral-ergowet\/#breadcrumb\"},\"inLanguage\":\"es\",\"potentialAction\":[{\"@type\":\"ReadAction\",\"target\":[\"https:\/\/cecotec.es\/cecorent\/conga-rockstar-7500-astral-ergowet\/\"]}]},{\"@type\":\"ImageObject\",\"inLanguage\":\"es\",\"@id\":\"https:\/\/cecotec.es\/cecorent\/conga-rockstar-7500-astral-ergowet\/#primaryimage\",\"url\":\"https:\/\/cecotec.es\/cecorent\/wp-content\/uploads\/2024\/07\/image-1.png\",\"contentUrl\":\"https:\/\/cecotec.es\/cecorent\/wp-content\/uploads\/2024\/07\/image-1.png\",\"caption\":\"Conga Rockstar 7500 Astral ErgoWet\"},{\"@type\":\"BreadcrumbList\",\"@id\":\"https:\/\/cecotec.es\/cecorent\/conga-rockstar-7500-astral-ergowet\/#breadcrumb\",\"itemListElement\":[{\"@type\":\"ListItem\",\"position\":1,\"name\":\"Inicio\",\"item\":\"https:\/\/cecotec.es\/cecorent\/\"},{\"@type\":\"ListItem\",\"position\":2,\"name\":\"Tienda\",\"item\":\"https:\/\/cecotec.es\/cecorent\/tienda\/\"},{\"@type\":\"ListItem\",\"position\":3,\"name\":\"Alquiler\",\"item\":\"https:\/\/cecorent.cecotec.es\/cecorent\/alquiler\/\"},{\"@type\":\"ListItem\",\"position\":4,\"name\":\"Aspiradores\",\"item\":\"https:\/\/cecorent.cecotec.es\/cecorent\/aspiracion\/\"},{\"@type\":\"ListItem\",\"position\":5,\"name\":\"Aspiradores verticales\",\"item\":\"https:\/\/cecorent.cecotec.es\/cecorent\/aspiradores-verticales\/\"},{\"@type\":\"ListItem\",\"position\":6,\"name\":\"Conga Rockstar 7500 Astral ErgoWet\"}]},{\"@type\":\"WebSite\",\"@id\":\"https:\/\/cecotec.es\/cecorent\/#website\",\"url\":\"https:\/\/cecotec.es\/cecorent\/\",\"name\":\"CecoRent\",\"description\":\"CecoRent\",\"publisher\":{\"@id\":\"https:\/\/cecotec.es\/cecorent\/#organization\"},\"potentialAction\":[{\"@type\":\"SearchAction\",\"target\":{\"@type\":\"EntryPoint\",\"urlTemplate\":\"https:\/\/cecotec.es\/cecorent\/?s={search_term_string}\"},\"query-input\":{\"@type\":\"PropertyValueSpecification\",\"valueRequired\":true,\"valueName\":\"search_term_string\"}}],\"inLanguage\":\"es\"},{\"@type\":\"Organization\",\"@id\":\"https:\/\/cecotec.es\/cecorent\/#organization\",\"name\":\"CecoRent\",\"url\":\"https:\/\/cecotec.es\/cecorent\/\",\"logo\":{\"@type\":\"ImageObject\",\"inLanguage\":\"es\",\"@id\":\"https:\/\/cecotec.es\/cecorent\/#\/schema\/logo\/image\/\",\"url\":\"https:\/\/cecotec.es\/cecorent\/wp-content\/uploads\/2022\/07\/CECORENT.png\",\"contentUrl\":\"https:\/\/cecotec.es\/cecorent\/wp-content\/uploads\/2022\/07\/CECORENT.png\",\"width\":184,\"height\":24,\"caption\":\"CecoRent\"},\"image\":{\"@id\":\"https:\/\/cecotec.es\/cecorent\/#\/schema\/logo\/image\/\"}}]}<\/script>\n<!-- \/ Yoast SEO plugin. -->","yoast_head_json":{"title":"Alquiler de Conga Rockstar 7500 Astral ErgoWet | CecoRent by Cecotec","description":"Disponible el alquiler de Conga Rockstar 7500 Astral ErgoWet de Cecotec. Alquiler y suscripci\u00f3n con env\u00edo gratuito para toda la Pen\u00ednsula. \u00a1Mejora tu vida con Cecorent hoy!","robots":{"index":"index","follow":"follow","max-snippet":"max-snippet:-1","max-image-preview":"max-image-preview:large","max-video-preview":"max-video-preview:-1"},"canonical":"https:\/\/cecotec.es\/cecorent\/conga-rockstar-7500-astral-ergowet\/","og_locale":"es_ES","og_type":"article","og_title":"Alquiler de Conga Rockstar 7500 Astral ErgoWet | CecoRent by Cecotec","og_description":"Disponible el alquiler de Conga Rockstar 7500 Astral ErgoWet de Cecotec. Alquiler y suscripci\u00f3n con env\u00edo gratuito para toda la Pen\u00ednsula. \u00a1Mejora tu vida con Cecorent hoy!","og_url":"https:\/\/cecotec.es\/cecorent\/conga-rockstar-7500-astral-ergowet\/","og_site_name":"CecoRent","article_modified_time":"2025-05-27T16:05:55+00:00","og_image":[{"url":"https:\/\/cecotec.es\/cecorent\/wp-content\/uploads\/2024\/07\/image-1.png","width":1,"height":1,"type":"image\/png"}],"twitter_card":"summary_large_image","twitter_misc":{"Tiempo de lectura":"2 minutos"},"schema":{"@context":"https:\/\/schema.org","@graph":[{"@type":"WebPage","@id":"https:\/\/cecotec.es\/cecorent\/conga-rockstar-7500-astral-ergowet\/","url":"https:\/\/cecotec.es\/cecorent\/conga-rockstar-7500-astral-ergowet\/","name":"Alquiler de Conga Rockstar 7500 Astral ErgoWet | CecoRent by Cecotec","isPartOf":{"@id":"https:\/\/cecotec.es\/cecorent\/#website"},"primaryImageOfPage":{"@id":"https:\/\/cecotec.es\/cecorent\/conga-rockstar-7500-astral-ergowet\/#primaryimage"},"image":{"@id":"https:\/\/cecotec.es\/cecorent\/conga-rockstar-7500-astral-ergowet\/#primaryimage"},"thumbnailUrl":"https:\/\/cecotec.es\/cecorent\/wp-content\/uploads\/2024\/07\/image-1.png","datePublished":"2024-07-03T16:00:59+00:00","dateModified":"2025-05-27T16:05:55+00:00","description":"Disponible el alquiler de Conga Rockstar 7500 Astral ErgoWet de Cecotec. Alquiler y suscripci\u00f3n con env\u00edo gratuito para toda la Pen\u00ednsula. \u00a1Mejora tu vida con Cecorent hoy!","breadcrumb":{"@id":"https:\/\/cecotec.es\/cecorent\/conga-rockstar-7500-astral-ergowet\/#breadcrumb"},"inLanguage":"es","potentialAction":[{"@type":"ReadAction","target":["https:\/\/cecotec.es\/cecorent\/conga-rockstar-7500-astral-ergowet\/"]}]},{"@type":"ImageObject","inLanguage":"es","@id":"https:\/\/cecotec.es\/cecorent\/conga-rockstar-7500-astral-ergowet\/#primaryimage","url":"https:\/\/cecotec.es\/cecorent\/wp-content\/uploads\/2024\/07\/image-1.png","contentUrl":"https:\/\/cecotec.es\/cecorent\/wp-content\/uploads\/2024\/07\/image-1.png","caption":"Conga Rockstar 7500 Astral ErgoWet"},{"@type":"BreadcrumbList","@id":"https:\/\/cecotec.es\/cecorent\/conga-rockstar-7500-astral-ergowet\/#breadcrumb","itemListElement":[{"@type":"ListItem","position":1,"name":"Inicio","item":"https:\/\/cecotec.es\/cecorent\/"},{"@type":"ListItem","position":2,"name":"Tienda","item":"https:\/\/cecotec.es\/cecorent\/tienda\/"},{"@type":"ListItem","position":3,"name":"Alquiler","item":"https:\/\/cecorent.cecotec.es\/cecorent\/alquiler\/"},{"@type":"ListItem","position":4,"name":"Aspiradores","item":"https:\/\/cecorent.cecotec.es\/cecorent\/aspiracion\/"},{"@type":"ListItem","position":5,"name":"Aspiradores verticales","item":"https:\/\/cecorent.cecotec.es\/cecorent\/aspiradores-verticales\/"},{"@type":"ListItem","position":6,"name":"Conga Rockstar 7500 Astral ErgoWet"}]},{"@type":"WebSite","@id":"https:\/\/cecotec.es\/cecorent\/#website","url":"https:\/\/cecotec.es\/cecorent\/","name":"CecoRent","description":"CecoRent","publisher":{"@id":"https:\/\/cecotec.es\/cecorent\/#organization"},"potentialAction":[{"@type":"SearchAction","target":{"@type":"EntryPoint","urlTemplate":"https:\/\/cecotec.es\/cecorent\/?s={search_term_string}"},"query-input":{"@type":"PropertyValueSpecification","valueRequired":true,"valueName":"search_term_string"}}],"inLanguage":"es"},{"@type":"Organization","@id":"https:\/\/cecotec.es\/cecorent\/#organization","name":"CecoRent","url":"https:\/\/cecotec.es\/cecorent\/","logo":{"@type":"ImageObject","inLanguage":"es","@id":"https:\/\/cecotec.es\/cecorent\/#\/schema\/logo\/image\/","url":"https:\/\/cecotec.es\/cecorent\/wp-content\/uploads\/2022\/07\/CECORENT.png","contentUrl":"https:\/\/cecotec.es\/cecorent\/wp-content\/uploads\/2022\/07\/CECORENT.png","width":184,"height":24,"caption":"CecoRent"},"image":{"@id":"https:\/\/cecotec.es\/cecorent\/#\/schema\/logo\/image\/"}}]}},"_links":{"self":[{"href":"https:\/\/cecotec.es\/cecorent\/wp-json\/wp\/v2\/product\/19861"}],"collection":[{"href":"https:\/\/cecotec.es\/cecorent\/wp-json\/wp\/v2\/product"}],"about":[{"href":"https:\/\/cecotec.es\/cecorent\/wp-json\/wp\/v2\/types\/product"}],"wp:featuredmedia":[{"embeddable":true,"href":"https:\/\/cecotec.es\/cecorent\/wp-json\/wp\/v2\/media\/19862"}],"wp:attachment":[{"href":"https:\/\/cecotec.es\/cecorent\/wp-json\/wp\/v2\/media?parent=19861"}],"wp:term":[{"taxonomy":"product_brand","embeddable":true,"href":"https:\/\/cecotec.es\/cecorent\/wp-json\/wp\/v2\/product_brand?post=19861"},{"taxonomy":"product_cat","embeddable":true,"href":"https:\/\/cecotec.es\/cecorent\/wp-json\/wp\/v2\/product_cat?post=19861"},{"taxonomy":"product_tag","embeddable":true,"href":"https:\/\/cecotec.es\/cecorent\/wp-json\/wp\/v2\/product_tag?post=19861"}],"curies":[{"name":"wp","href":"https:\/\/api.w.org\/{rel}","templated":true}]}}